 of s?
7
Let w(t) = t + 5. Let b be w(-3). Suppose -4*q + 5*u + b = 0, -2*u + 0 = -4. Suppose -7*l - 5*f = -q*l - 23, 3*l - 15 = -3*f. What is the units digit of l?
2
Let j(w) = w**3 - 3*w**2 + 3. Let p be j(3). Let m be -24*p/(-2 - 4). Let n = 0 + m. What is the tens digit of n?
1
Suppose 0 = 4*q + 1 - 9. Suppose q*y = -y - 18. Let a(u) = -u. What is the units digit of a(y)?
6
Let s(r) be the third derivative of r**4/24 - r**3/3 - r**2. Suppose d - 24 = -2*d. What is the units digit of s(d)?
6
Suppose 5*b - b - 64 = 0. What is the tens digit of b?
1
Let p be 2 + (1 - (1 - 4)). Suppose c = 5*r - 425, -3*r + p*r - 3*c - 267 = 0. Suppose 0 = -4*a - 0*a + r. What is the tens digit of a?
2
Suppose -2*d = 5*h - h - 202, -392 = -4*d + 4*h. Suppose -m - 4*c + 104 = 4*m, d = 5*m - c. What is the units digit of m?
0
Let p(c) be the first derivative of c**3/3 + c**2/2 - c - 2. Let q(s) = -3*s**2 - 10*s - 4. Let w(t) = 4*p(t) + q(t). What is the units digit of w(8)?
8
Let m(i) = -5*i**2 - 4*i - 2. Let o be m(-3). Let a = 51 + o. What is the tens digit of a?
1
Let k(w) = -2*w - 5. Let z be k(-5). Let b(d) = -d + 10. Let u be b(z). Suppose 3*s = -0*o - 3*o + 60, s = -u*o + 88. What is the tens digit of o?
1
Let y be (-1)/(1 + 15/(-12)). Suppose y*k - 32 = -12. Suppose -2*j - 45 = -k*s + 12, 16 = 4*j. What is the units digit of s?
3
Let g = -2 - -6. Suppose -z + 6 = g. What is the units digit of z?
2
Let r = -12 - -16. What is the units digit of r?
4
Suppose 4*v - m - 11 = 293, 2*v - 3*m - 142 = 0. Let j = -39 + v. What is the units digit of j?
8
Let b be (-1)/(2/(-29))*2. Suppose -3*z - i - b = -6*i, i - 4 = 0. Let w = 14 + z. What is the units digit of w?
1
Let a be (2/1 + -6)/(-1). Suppose 2*o = -2*h + 50, 0 = -h + 3 + 2. Suppose o = 4*g, a*g + 3 - 16 = k. What is the units digit of k?
7
Suppose -249 = 4*t - 57. Let l be t/22 + (-2)/(-11). What is the units digit of (23/l)/((-3)/6)?
3
Let m(d) = d**3 - 2*d**2 + d + 2. Let w(o) = -o - 6. Let a be w(-8). Let x be m(a). What is the units digit of 87/12 - 1/x?
7
Let u(j) = 2*j**2 + 4*j - 10. What is the tens digit of u(-6)?
3
Let h = 28 + -14. Suppose -5*b = -h + 59. Let s(w) = w + 12. What is the units digit of s(b)?
3
What is the tens digit of (1 - 5 - -7) + 52?
5
Let l = 223 + -151. Suppose 0 = 5*f - 227 + l. What is the tens digit of f?
3
Let j(v) = -v**3 + 3*v**2. Let y be j(3). Suppose 3*t + f + f - 25 = y, t - 2*f - 3 = 0. What is the units digit of t?
7
Suppose 3*p + 22 = -14. Let a be p/8*16/(-6). Let n = a + -1. What is the units digit of n?
3
Let f = 6 - 3. Let s = 12 + f. Suppose 6*p - s = 3*p. What is the units digit of p?
5
What is the units digit of 1 - -5 - 3 - -44?
7
Let q = -28 - -55. What is the units digit of q?
7
Let q = 1 + 5. Let n(a) = -a**2 + 5*a + 1. Let p be n(4). Suppose -2*l + q*l = p*o + 42, 2*o = -4. What is the units digit of l?
8
Suppose -4*p + 5*r = -25, 5*r - 5 = 5*p - 35. Suppose -p*l - 6 + 1 = 0. Let a(t) = 18*t**2. What is the units digit of a(l)?
8
Let a(y) = y**3 + 4*y**2 + 7*y + 5. Let b be a(-4). Let t = 39 + b. What is the tens digit of t?
1
Let a(f) be the first derivative of -f**5/30 - f**4/12 + 2*f**3/3 - 1. Let t(p) be the third derivative of a(p). What is the units digit of t(-2)?
6
Suppose -3*h + 26 = 5*q, -4*h + 5*q = -11 - 12. What is the units digit of h?
7
Suppose -k + 2*m - 9 = 0, 0 = 3*k - 2*k - 3*m + 8. Let s = k + 16. Suppose 0 = s*y - 70 - 30. What is the tens digit of y?
2
Let o(l) = -l**3 - 3*l**2 + 3. Let r be o(-3). Let y = r - -9. What is the units digit of y?
2
Let d be (-2)/(-4)*-1*-10. Suppose 2*t = 4*s - 34, -2*t - 38 = -d*s + 2*t. What is the units digit of s?
0
Suppose j - 2*b = -2*j + 35, 10 = 2*j - 4*b. What is the units digit of 4/(-10) + 126/j?
8
Let q be 2 + 0 - 0/1. Suppose 3*b - q*b - 1 = 0. What is the units digit of b?
1
Let m = 57 + 43. What is the tens digit of m?
0
Let j be (-6)/3 + (-10)/(-2). Suppose -52 = -j*t - t. Let o = -6 + t. What is the units digit of o?
7
Suppose 11*k - 16*k = -110. What is the tens digit of k?
2
Let a(m) = 4*m**2 + 1. Let c be a(-1). Suppose 0*z - c = z. Let v = z - -7. What is the units digit of v?
2
Let j = 5 - 6. What is the units digit of (2 + -1)*j*-3?
3
Let m be (-54)/4 - 6/4. What is the units digit of (-2)/(-5)*m/(-3)?
2
Let a = -24 + 37. Let t = a + -4. What is the units digit of t?
9
Suppose 0 = 2*o - 0*o + g - 307, 5*o - 765 = -2*g. What is the units digit of o?
1
Let y = 5 + 0. Suppose 35 = y*r - 0*r. What is the units digit of r?
7
Suppose 0 = -5*h + 20 + 5. Let u = 39 - -68. Suppose -32 = h*z - u. What is the units digit of z?
5
Suppose k - 2 - 68 = 0. What is the tens digit of k?
7
Let w be ((-4)/3)/(4/(-42)). Let z = w - -4. Suppose -z = -5*t + 7. What is the units digit of t?
5
Let y(n) = 20*n + 13. What is the hundreds digit of y(5)?
1
Suppose 2*y - 1 = -2*p - 3, -2*y - 7 = 3*p. What is the units digit of y?
4
Let o(f) = f**3 - 3*f**2 - 5*f + 5. Let t be o(4). Suppose l + 0 = t. Suppose l = g - 0. What is the units digit of g?
1
Suppose -x = x - 6. Suppose -x*m + 7*m + 3*p = -20, -m - 10 = 2*p. What is the tens digit of (-1 - m)/((-5)/(-50))?
1
Let d(t) = t**3 + 2*t**2 - 4*t. Let l be d(-3). What is the units digit of 15/(l/(-4)*-2)?
0
Let p(u) = -4*u. Let g be p(-2). Let i(r) = -2*r**2 + 13*r - 8. Let t be i(g). Let q = -23 - t. What is the units digit of q?
9
Let q(v) = -2*v**3 - 1. Let d be q(-1). Suppose -5*s + 4*f - 50 = 0, -2*s = s + f + 30. Let j = d - s. What is the tens digit of j?
1
Let q(j) = j**3 + 7*j**2 + 6*j - 2. Let a be q(-6). Let n = a - -13. What is the tens digit of n/(1 + 2 + -2)?
1
Let o = 7 + -15. Let r be (-6)/(-24) - 62/o. Let t(l) = l + 3. What is the tens digit of t(r)?
1
Suppose -2*i = 4*w - 178, 4*i - i - 5*w = 300. What is the units digit of i?
5
Let x be (3 + 0)/(3/15). Suppose 3*w = 4*z + 6*w - 16, 0 = z - 4*w - 4. What is the units digit of 65/x + z/6?
5
Suppose q + 4*q + 3*h - 241 = 0, -5*h = -4*q + 178. Suppose -f = -3*x - 2 + 3, q = 4*f + 5*x. What is the units digit of f?
8
Let j(k) = 2*k**2 + 8*k - 8. Let d(f) = f**2 + f - 1. Let x(m) = 5*d(m) - j(m). Let g be x(3). Let u = -11 + g. What is the units digit of u?
0
What is the units digit of 76977/216 - 3/8?
6
What is the hundreds digit of (1 - -98) + 6/(7 - 1)?
1
Let z = -165 + 425. What is the tens digit of z?
6
Suppose -2*i = 2*w + 6 + 4, 5*i - 4*w = 20. Suppose -4*f + 12 = i, 3*a - 5*f = -0*f + 24. What is the tens digit of a?
1
Let g(v) = -4*v. Let r be g(-3). Suppose 24 = b + 5*s - 4*s, 4*s + r = 0. What is the tens digit of b?
2
Let f(j) = -14*j + 1. Let l be f(-1). Let z(u) = u**3 + 8*u**2 + 4*u - 6. Let m be z(-5). Suppose -l = 3*r, -4*a + m = -0*a - 5*r. What is the units digit of a?
6
Let s(l) = -l**3 - 2*l**2. Let r be s(-2). Suppose r = -5*h - 0 - 45. Let f = h - -19. What is the tens digit of f?
1
Let z = 40 + 21. What is the units digit of z?
1
Let n = 2 - 0. Let s be (6 - 0)*1/n. What is the units digit of (10/(-6))/((-1)/s)?
5
Let t = 18 - 34. Let s = 28 + t. What is the units digit of s?
2
Let w be 2 - (28 - (3 + -1)). Let i = 98 - 64. Let v = i + w. What is the units digit of v?
0
Let v(g) = -4*g + 101. What is the units digit of v(0)?
1
Let i(z) = -3*z - 34. What is the units digit of i(-16)?
4
Suppose 2110 - 160 = 10*x. What is the hundreds digit of x?
1
Let h be ((-2)/3)/(1/(-3)). Suppose -h*p - 18 = p. Let q = p + 7. What is the units digit of q?
1
Let w = 34 - -13. What is the units digit of w?
7
Suppose -9*u = -75 - 114. What is the units digit of u?
1
Suppose 1 = -4*p - 19. Let l(u) = -u - 2. What is the units digit of l(p)?
3
Let y(l) = l**2 - 8*l - 8. Let b be y(9). What is the units digit of -1 + 1 + b*18?
8
Let q = 56 + -14. Let k = -30 + q. What is the tens digit of k?
1
Let x(o) = o**3 - 9*o**2 - 19*o - 15. What is the units digit of x(11)?
8
Let n(a) = 9*a - 1. Suppose 0 = -3*u - 4*r + 11, -2*u + 4*u = -4*r + 10. Let l be n(u). What is the units digit of l/(-5)*25/(-10)?
4
Suppose 0 = 3*q - 46 + 13. What is the units digit of q?
1
What is the tens digit of (-28)/21*(0 + 174/(-4))?
5
Let p = 217 + -184. What is the tens digit of p?
3
Suppose 23 - 8 = 5*h. Suppose -h*c + 26 = 5. What is the units digit of c?
7
Let q be (-3 - -1) + 2 + 0. Suppose -2*g - 2*o + 10 